2 divide 77030422?
False
Does 269 divide 989281663?
True
Is 12278008 a multiple of 313?
False
Does 17 divide 7632830221?
True
Is 17 a factor of 146798026?
True
Is 1656 a factor of 73230207?
False
Is 137583 a multiple of 6?
False
Is 214790778 a multiple of 2818?
True
Is 2145116268 a multiple of 906?
True
Does 63 divide 80472399?
False
Does 20 divide 23367221?
False
Is 1047480 a multiple of 52?
False
Is 40670172 a multiple of 12?
True
Is 37 a factor of 101493713?
False
Does 3 divide 13706536?
False
Is 264 a factor of 580443072?
True
Is 53 a factor of 320724779?
False
Is 232 a factor of 256972039?
False
Is 9683 a factor of 1886664769?
True
Is 156 a factor of 80322530?
False
Is 18 a factor of 2291107857?
False
Does 3 divide 1248412?
False
Is 7313832 a multiple of 4?
True
Does 16 divide 1182818142?
False
Does 21 divide 12743820?
False
Does 713 divide 50439046?
True
Does 42 divide 482208076?
False
Is 67 a factor of 60073913?
False
Is 295455294 a multiple of 425?
False
Is 519412244 a multiple of 10?
False
Does 6 divide 652328877?
False
Does 4677 divide 153676866?
True
Does 1569 divide 109156899?
True
Is 7 a factor of 14347662?
True
Is 6475783 a multiple of 18?
False
Is 848270779 a multiple of 326?
False
Does 277 divide 8239642?
True
Is 37 a factor of 90799316?
False
Is 153 a factor of 384352371?
True
Is 30 a factor of 457182592?
False
Is 4413801 a multiple of 1031?
False
Is 369089717 a multiple of 825?
False
Is 6958827 even?
False
Is 49434110 a multiple of 222?
False
Is 35 a factor of 1316519715?
True
Is 1413 a factor of 417985497?
False
Is 75830319 a multiple of 981?
True
Does 2410 divide 843153?
False
Is 494 a factor of 56171095?
False
Does 199 divide 2970285?
False
Is 3178 a factor of 158702028?
False
Is 1495 a factor of 368158962?
False
Does 26 divide 609670438?
True
Is 91526238 a multiple of 765?
False
Does 132 divide 27882888?
True
Is 325 a factor of 1304200658?
False
Is 7 a factor of 1106804907?
False
Does 32 divide 50775936?
True
Is 60 a factor of 67459320?
True
Is 459 a factor of 13932848?
False
Is 372667276 a multiple of 243?
False
Does 456 divide 551221008?
True
Does 1364 divide 1394151220?
True
Is 1010841184 a multiple of 3676?
True
Is 2240 a factor of 826409920?
True
Is 518 a factor of 122779771?
False
Is 1064044377 a multiple of 5247?
True
Does 4 divide 2021052387?
False
Is 6 a factor of 195057892?
False
Is 17 a factor of 14386165?
True
Does 5 divide 23520529?
False
Is 46 a factor of 91236170?
True
Is 154916637 a multiple of 61?
True
Is 669 a factor of 401531728?
False
Does 17 divide 8850761?
True
Does 10 divide 73920560?
True
Is 12421581 a multiple of 68?
False
Does 253 divide 886375633?
True
Is 8049029 a multiple of 1889?
True
Is 6313832 a multiple of 434?
True
Is 35484731 a multiple of 1668?
False
Is 53668665 a multiple of 9?
True
Is 31679928 a multiple of 1841?
True
Is 1589 a factor of 2469322228?
False
Does 200 divide 1561519548?
False
Is 1900640880 a multiple of 1035?
True
Does 3 divide 26581155?
True
Does 196 divide 68033533?
False
Does 36 divide 475035?
False
Is 93256903 a multiple of 12?
False
Is 3116 a factor of 171900372?
True
Does 26 divide 21357793?
False
Does 10 divide 3969752488?
False
Does 970 divide 58370720?
True
Is 9 a factor of 31385943?
True
Is 98565382 a multiple of 225?
False
Does 1564 divide 307923448?
True
Does 35 divide 103964315?
True
Does 28 divide 195619032?
True
Is 1035 a factor of 114651704?
False
Is 55024296 a multiple of 199?
True
Is 38798196 a multiple of 36?
False
Is 28165739 a multiple of 49?
True
Is 165910 a multiple of 53?
False
Does 3039 divide 160510863?
True
Is 697914029 a multiple of 98?
False
Does 979 divide 279546597?
True
Is 131 a factor of 143258194?
True
Is 376 a factor of 946149480?
True
Does 173 divide 30140406?
True
Is 72070856 a multiple of 1303?
False
Is 301261482 a multiple of 1547?
False
Is 3 a factor of 18005918?
False
Is 742 a factor of 308810012?
True
Is 152 a factor of 461460296?
True
Does 678 divide 197597676?
True
Is 86 a factor of 2810222557?
False
Does 543 divide 26355591?
True
Is 180 a factor of 4074896880?
True
Is 35 a factor of 21913636?
False
Is 84621546 a multiple of 51?
True
Is 38 a factor of 5541217?
False
Is 150 a factor of 25830150?
True
Is 2010416490 a multiple of 711?
True
Is 2503987 a multiple of 90?
False
Is 48752362 a multiple of 82?
True
Does 4 divide 96765136?
True
Is 2622 a factor of 1002839072?
False
Is 3039256 a multiple of 22?
True
Is 261 a factor of 27275022?
True
Does 12 divide 348615144?
True
Is 8604 a factor of 928984338?
False
Does 26 divide 414097447?
False
Is 38 a factor of 611208332?
False
Is 507 a factor of 212788924?
False
Is 1125368178 a multiple of 1698?
True
Is 388 a factor of 6362207?
False
Is 31283745 a multiple of 699?
True
Does 549 divide 431807715?
True
Is 49540542 a multiple of 2?
True
Is 15854366 a multiple of 7?
False
Does 7 divide 1363653564?
True
Does 84 divide 30458820?
True
Is 21341276 a multiple of 450?
False
Is 58 a factor of 11756448?
False
Is 373 a factor of 105739318?
False
Is 22965626 a multiple of 21?
False
Does 700 divide 494528300?
True
Is 26616713 a multiple of 1118?
False
Is 2456457759 a multiple of 11391?
True
Does 74 divide 401154?
True
Is 185 a factor of 8736440?
True
Is 2174878282 a multiple of 1433?
False
Is 550 a factor of 263717300?
True
Does 202 divide 12921940?
True
Does 452 divide 184780312?
True
Is 1863400 a multiple of 8?
True
Does 2 divide 100840268?
True
Does 293 divide 68728790?
False
Does 336 divide 765361632?
True
Does 5074 divide 92992166?
False
Does 3877 divide 1232863557?
False
Is 9 a factor of 673740?
True
Is 4648102213 a multiple of 18?
False
Is 124 a factor of 20296021?
False
Does 666 divide 24020434?
False
Is 54622608 a multiple of 14?
False
Does 401 divide 910685436?
True
Does 26 divide 606070750?
False
Is 75 a factor of 35421450?
True
Is 1997240 a multiple of 140?
True
Is 3618 a factor of 3062259?
False
Is 19622952 a multiple of 18?
True
Is 12 a factor of 382589832?
True
Does 312 divide 1337234595?
False
Is 1033 a factor of 21681298?
False
Is 134772 a multiple of 4?
True
Is 1840 a factor of 383154355?
False
Does 41 divide 6428822125?
False
Is 583 a factor of 1585173502?
True
Is 2116582980 a multiple of 435?
True
Is 12 a factor of 1578791091?
False
Is 820901443 a multiple of 1748?
False
Is 314040570 a multiple of 10?
True
Is 578386323 a multiple of 398?
False
Is 4211266 a multiple of 197?
False
Does 126 divide 157580892?
True
Is 2273524156 a multiple of 284?
False
Does 42 divide 2221276263?
False
Does 33 divide 38633133?
True
Is 102 a factor of 403485582?
True
Is 2662649 a multiple of 313?
False
Is 46 a factor of 525538960?
True
Does 12 divide 29261774?
False
Is 4886065082 a multiple of 16766?
True
Is 5 a factor of 89579776?
False
Is 7 a factor of 22719088?
True
Does 69 divide 65624244?
True
Is 186 a factor of 371783682?
True
Does 137 divide 6812873?
True
Is 6 a factor of 493251252?
True
Does 21 divide 105386430?
False
Is 108 a factor of 167560056?
True
Does 683 divide 93043041?
True
Is 858682 a multiple of 11?
True
Does 6 divide 26706607?
False
Is 631 a factor of 1053181908?
True
Is 53 a factor of 2443926?
False
Is 3518042471 a multiple of 81?
False
Does 35 divide 888233465?
True
Is 6 a factor of 453441150?
True
Does 6 divide 48139050?
True
Is 33 a factor of 547139505?
True
Is 1600 a factor of 96943810?
False
Is 82461075 a multiple of 15?
True
Is 22 a factor of 17921882?
True
Is 38 a factor of 178604975?
False
Is 4041 a factor of 2558080197?
False
Does 86 divide 432900006?
True
Is 70 a factor of 228540270?
True
Is 16 a factor of 345521216?
True
Does 122 divide 252535974?
True
Is 34 a factor of 183007141?
False
Is 489371794 a multiple of 357?
False
Is 122 a factor of 2530402?
True
Does 278 divide 30372056?
True
Is 1017 a factor of 2507885708?
False
Does 103 divide 91401307?
False
Is 485434224 a multiple of 387?
True
Is 12 a factor of 1599694692?
True
Does 418 divide 4745770?
False
Is 134 a factor of 1995698134?
False
Is 347535045 a multiple of 495?
True
Does 55 divide 2937715143?
False
Is 4327335623 a multiple of 744?
False
Does 15 divide 22009515?
True
Is 655 a factor of 41723500?
True
Is 2585 a factor of 17536640?
True
Is 90 a factor of 330398571?
False
Is 251650704 a multiple of 3?
True
I